{"id":909,"date":"2024-01-27T18:37:11","date_gmt":"2024-01-27T17:37:11","guid":{"rendered":"https:\/\/iznofarm.com\/?post_type=product&#038;p=909"},"modified":"2026-04-01T22:30:07","modified_gmt":"2026-04-01T20:30:07","slug":"pink-garlic-cbg","status":"publish","type":"product","link":"https:\/\/iznofarm.com\/index.php\/produit\/pink-garlic-cbg\/","title":{"rendered":"PINK GARLIC CBG"},"content":{"rendered":"<p>Voici la pink garlic cbg<\/p>\n<p>Regroupant les qualit\u00e9s de la iznokush cbg et de la purple shaolin, cette plante exceptionnelle et charg\u00e9e de r\u00e9sine a tout pour plaire! Un go\u00fbt et un ar\u00f4me plus profond et plus d\u00e9velopp\u00e9 que iznokush, m\u00ealant ail , vieux bois et fruit rouges, et un taux de cbg superieur a 16%!<\/p>\n<p>Enfin de la nouveaut\u00e9 en cbg, en petite quantit\u00e9 et en total exclusivit\u00e9\u00a0!<\/p>\n<p>FRESH HARVEST 2025<\/p>\n","protected":false},"excerpt":{"rendered":"<p>Voici la pink garlic cbg Regroupant les qualit\u00e9s de la iznokush cbg et de la purple shaolin, cette plante exceptionnelle et charg\u00e9e de r\u00e9sine a tout pour plaire! Un go\u00fbt et un ar\u00f4me plus profond et plus d\u00e9velopp\u00e9 que iznokush, m\u00ealant ail , vieux bois et fruit rouges, et un taux de cbg superieur a &hellip; <\/p>\n<p class=\"link-more\"><a href=\"https:\/\/iznofarm.com\/index.php\/produit\/pink-garlic-cbg\/\" class=\"more-link\">Continuer la lecture<span class=\"screen-reader-text\"> de &laquo;&nbsp;PINK GARLIC CBG&nbsp;&raquo;<\/span><\/a><\/p>\n","protected":false},"featured_media":947,"comment_status":"open","ping_status":"closed","template":"","meta":{"advanced_seo_description":"","jetpack_seo_html_title":"","jetpack_seo_noindex":false},"product_brand":[],"product_cat":[24,26,16],"product_tag":[],"class_list":{"0":"post-909","1":"product","2":"type-product","3":"status-publish","4":"has-post-thumbnail","6":"product_cat-cbg","7":"product_cat-funky-terps","8":"product_cat-non-classe","10":"first","11":"instock","12":"featured","13":"shipping-taxable","14":"purchasable","15":"product-type-variable"},"jetpack_sharing_enabled":true,"_links":{"self":[{"href":"https:\/\/iznofarm.com\/index.php\/wp-json\/wp\/v2\/product\/909","targetHints":{"allow":["GET"]}}],"collection":[{"href":"https:\/\/iznofarm.com\/index.php\/wp-json\/wp\/v2\/product"}],"about":[{"href":"https:\/\/iznofarm.com\/index.php\/wp-json\/wp\/v2\/types\/product"}],"replies":[{"embeddable":true,"href":"https:\/\/iznofarm.com\/index.php\/wp-json\/wp\/v2\/comments?post=909"}],"wp:featuredmedia":[{"embeddable":true,"href":"https:\/\/iznofarm.com\/index.php\/wp-json\/wp\/v2\/media\/947"}],"wp:attachment":[{"href":"https:\/\/iznofarm.com\/index.php\/wp-json\/wp\/v2\/media?parent=909"}],"wp:term":[{"taxonomy":"product_brand","embeddable":true,"href":"https:\/\/iznofarm.com\/index.php\/wp-json\/wp\/v2\/product_brand?post=909"},{"taxonomy":"product_cat","embeddable":true,"href":"https:\/\/iznofarm.com\/index.php\/wp-json\/wp\/v2\/product_cat?post=909"},{"taxonomy":"product_tag","embeddable":true,"href":"https:\/\/iznofarm.com\/index.php\/wp-json\/wp\/v2\/product_tag?post=909"}],"curies":[{"name":"wp","href":"https:\/\/api.w.org\/{rel}","templated":true}]}}