{"id":767,"date":"2023-11-27T18:56:50","date_gmt":"2023-11-27T17:56:50","guid":{"rendered":"https:\/\/iznofarm.com\/?post_type=product&#038;p=767"},"modified":"2026-04-18T19:53:02","modified_gmt":"2026-04-18T17:53:02","slug":"turbo-diesel","status":"publish","type":"product","link":"https:\/\/iznofarm.com\/index.php\/produit\/turbo-diesel\/","title":{"rendered":"LEGENDARY EAK"},"content":{"rendered":"<p>Une nouvelle p\u00e9pite en exclusivit\u00e9 !<\/p>\n<p>Dans la cat\u00e9gorie terp\u00e8nes funky, voici legendary eak, du nom de mon bro, pr\u00e9sent depuis le d\u00e9but, trimmer pro, hashmaker, photographe, cuisinier, et surtout dot\u00e9 d&#8217;un nez tr\u00e8s fin!!<\/p>\n<p>Cette plante issu des lign\u00e9es Legendary agresse par sa signature unique, p\u00e2t\u00e9 de campagne, ail, vieux bois, kush, r\u00e9sine, cr\u00e8me.<\/p>\n","protected":false},"excerpt":{"rendered":"<p>Une nouvelle p\u00e9pite en exclusivit\u00e9 ! Dans la cat\u00e9gorie terp\u00e8nes funky, voici legendary eak, du nom de mon bro, pr\u00e9sent depuis le d\u00e9but, trimmer pro, hashmaker, photographe, cuisinier, et surtout dot\u00e9 d&#8217;un nez tr\u00e8s fin!! Cette plante issu des lign\u00e9es Legendary agresse par sa signature unique, p\u00e2t\u00e9 de campagne, ail, vieux bois, kush, r\u00e9sine, cr\u00e8me.<\/p>\n","protected":false},"featured_media":770,"comment_status":"open","ping_status":"closed","template":"","meta":{"advanced_seo_description":"","jetpack_seo_html_title":"","jetpack_seo_noindex":false},"product_brand":[],"product_cat":[25,17,26],"product_tag":[],"class_list":{"0":"post-767","1":"product","2":"type-product","3":"status-publish","4":"has-post-thumbnail","6":"product_cat-cbd","7":"product_cat-fleurs","8":"product_cat-funky-terps","10":"first","11":"instock","12":"shipping-taxable","13":"purchasable","14":"product-type-variable"},"jetpack_sharing_enabled":true,"_links":{"self":[{"href":"https:\/\/iznofarm.com\/index.php\/wp-json\/wp\/v2\/product\/767","targetHints":{"allow":["GET"]}}],"collection":[{"href":"https:\/\/iznofarm.com\/index.php\/wp-json\/wp\/v2\/product"}],"about":[{"href":"https:\/\/iznofarm.com\/index.php\/wp-json\/wp\/v2\/types\/product"}],"replies":[{"embeddable":true,"href":"https:\/\/iznofarm.com\/index.php\/wp-json\/wp\/v2\/comments?post=767"}],"wp:featuredmedia":[{"embeddable":true,"href":"https:\/\/iznofarm.com\/index.php\/wp-json\/wp\/v2\/media\/770"}],"wp:attachment":[{"href":"https:\/\/iznofarm.com\/index.php\/wp-json\/wp\/v2\/media?parent=767"}],"wp:term":[{"taxonomy":"product_brand","embeddable":true,"href":"https:\/\/iznofarm.com\/index.php\/wp-json\/wp\/v2\/product_brand?post=767"},{"taxonomy":"product_cat","embeddable":true,"href":"https:\/\/iznofarm.com\/index.php\/wp-json\/wp\/v2\/product_cat?post=767"},{"taxonomy":"product_tag","embeddable":true,"href":"https:\/\/iznofarm.com\/index.php\/wp-json\/wp\/v2\/product_tag?post=767"}],"curies":[{"name":"wp","href":"https:\/\/api.w.org\/{rel}","templated":true}]}}