{"id":1579,"date":"2024-12-02T11:57:53","date_gmt":"2024-12-02T10:57:53","guid":{"rendered":"https:\/\/iznofarm.com\/?post_type=product&#038;p=1579"},"modified":"2026-04-13T17:56:49","modified_gmt":"2026-04-13T15:56:49","slug":"legendary-oz","status":"publish","type":"product","link":"https:\/\/iznofarm.com\/index.php\/produit\/legendary-oz\/","title":{"rendered":"LEGENDARY ZOMBIE KUSH"},"content":{"rendered":"<p>Produite en light dep,recolt\u00e9e debut septembre 2025<\/p>\n<p>Legendary Zombie Kush rejoint les qualit\u00e9s de TARMAC et de OZK. Cette plante offre une r\u00e9sine de gros calibre, c&#8217;est vraiment bluffant, on croirait une fleur d\u2019int\u00e9rieur.<br \/>\nCette fleur a un ar\u00f4me tr\u00e8s particulier, tr\u00e8s profond et large, une vrai \u00e9nigme pour les r\u00e9cepteurs.La premi\u00e8re approche est sur du bonbon sucr\u00e9 fruit\u00e9,puis de l&#8217;ail et du gaz viennent arrondir le tout. Un vrai delice.<\/p>\n<p>Dans le registre funky,c&#8217;est la nouvelle reine de la carte et de la ferme.<\/p>\n<p>Retrouvez aussi la version outdoor, avec ses \u00e9normes fleurs hyper compacts.<\/p>\n","protected":false},"excerpt":{"rendered":"<p>Produite en light dep,recolt\u00e9e debut septembre 2025 Legendary Zombie Kush rejoint les qualit\u00e9s de TARMAC et de OZK. Cette plante offre une r\u00e9sine de gros calibre, c&#8217;est vraiment bluffant, on croirait une fleur d\u2019int\u00e9rieur. Cette fleur a un ar\u00f4me tr\u00e8s particulier, tr\u00e8s profond et large, une vrai \u00e9nigme pour les r\u00e9cepteurs.La premi\u00e8re approche est sur &hellip; <\/p>\n<p class=\"link-more\"><a href=\"https:\/\/iznofarm.com\/index.php\/produit\/legendary-oz\/\" class=\"more-link\">Continuer la lecture<span class=\"screen-reader-text\"> de &laquo;&nbsp;LEGENDARY ZOMBIE KUSH&nbsp;&raquo;<\/span><\/a><\/p>\n","protected":false},"featured_media":2023,"comment_status":"open","ping_status":"closed","template":"","meta":{"advanced_seo_description":"","jetpack_seo_html_title":"","jetpack_seo_noindex":false},"product_brand":[],"product_cat":[16],"product_tag":[],"class_list":{"0":"post-1579","1":"product","2":"type-product","3":"status-publish","4":"has-post-thumbnail","6":"product_cat-non-classe","8":"first","9":"instock","10":"shipping-taxable","11":"purchasable","12":"product-type-variable"},"jetpack_sharing_enabled":true,"_links":{"self":[{"href":"https:\/\/iznofarm.com\/index.php\/wp-json\/wp\/v2\/product\/1579","targetHints":{"allow":["GET"]}}],"collection":[{"href":"https:\/\/iznofarm.com\/index.php\/wp-json\/wp\/v2\/product"}],"about":[{"href":"https:\/\/iznofarm.com\/index.php\/wp-json\/wp\/v2\/types\/product"}],"replies":[{"embeddable":true,"href":"https:\/\/iznofarm.com\/index.php\/wp-json\/wp\/v2\/comments?post=1579"}],"wp:featuredmedia":[{"embeddable":true,"href":"https:\/\/iznofarm.com\/index.php\/wp-json\/wp\/v2\/media\/2023"}],"wp:attachment":[{"href":"https:\/\/iznofarm.com\/index.php\/wp-json\/wp\/v2\/media?parent=1579"}],"wp:term":[{"taxonomy":"product_brand","embeddable":true,"href":"https:\/\/iznofarm.com\/index.php\/wp-json\/wp\/v2\/product_brand?post=1579"},{"taxonomy":"product_cat","embeddable":true,"href":"https:\/\/iznofarm.com\/index.php\/wp-json\/wp\/v2\/product_cat?post=1579"},{"taxonomy":"product_tag","embeddable":true,"href":"https:\/\/iznofarm.com\/index.php\/wp-json\/wp\/v2\/product_tag?post=1579"}],"curies":[{"name":"wp","href":"https:\/\/api.w.org\/{rel}","templated":true}]}}